ulate p(-1).
5
Let o(s) = 2*s + 7. Let w = -12 + 7. Let v be o(w). Let m(j) = -j**3 - 4*j**2 - 3*j - 2. Give m(v).
-2
Let t(s) = 11*s - 52*s**2 - 3 + 16*s**2 + 37*s**2. What is t(-11)?
-3
Let c(x) = -4*x**2 + 6*x + 3*x**2 + 5 + 2*x**2. Calculate c(-6).
5
Let q(r) = -4*r**3 + 3*r**3 + 47*r**2 - r - 47*r**2. What is q(-2)?
10
Let r(l) = 2*l**2 - 3*l + 1. Let d be r(2). Let c(a) = -a - 1 + 2*a + d. Calculate c(-2).
0
Let t be 24/5 - 1/(-5). Let m(k) = k**3 - 7*k**2 - 7*k. Let d(r) = r**3 - 8*r**2 - 8*r - 1. Let f(a) = 3*d(a) - 4*m(a). Determine f(t).
-8
Let q(p) = p**2 - 10*p + 4. Let f(c) be the second derivative of c**3/6 - c**2/2 - 3*c. Let k(b) = 6*f(b) + q(b). What is k(5)?
3
Suppose 17 = 3*q + 2. Let d(h) be the third derivative of -h**4/24 - h**3/3 - 9*h**2. What is d(q)?
-7
Let z(o) be the second derivative of -o**4/12 - 7*o**3/6 - o**2 - 6*o. Give z(-6).
4
Let f = 0 - -1. Let m(l) be the first derivative of -3*l**5/10 - l**4/12 + l**2/2 - 3*l + 4. Let d(u) be the first derivative of m(u). Determine d(f).
-6
Suppose -12 = -2*o - 2*o. Let t = 7 - 5. Let v(n) = -o*n + 2*n + 3 + t*n. Determine v(0).
3
Let o = 5 + 0. Let r(h) = 10*h - 4. Let q(i) = -i. Let g(n) = 8*q(n) + r(n). What is g(o)?
6
Let t = -8 - -11. Let r(p) = -p + 4 + p**t - 5 + 3*p**2 + 3. Give r(-3).
5
Let c be (-2)/2 - -1*6. Let g(m) = 4*m**2 + 180 - 184 - 3*m**2 + 6*m - 2*m**2. Give g(c).
1
Let d(b) = -12*b + 3 + 7 - 8. Let a be -1*((5 - -1) + 1). Let f(k) = -6*k + 1. Let q(t) = a*f(t) + 3*d(t). Give q(-1).
-7
Let v(u) = u. Let g(m) = -3*m + 2. Let b be g(-2). Let l be (3 - b)*1 - 0. Calculate v(l).
-5
Let c(l) = -l + 14. Let p be c(11). Let y(u) = u**2 - 6*u. Let a(t) = -t**2 + 6*t + 1. Let z(b) = p*a(b) + 4*y(b). Give z(4).
-5
Let a(s) = s - 1. Let d(y) = 6*y - 10. Let x(q) = 5*a(q) - d(q). Determine x(5).
0
Suppose -57 = -4*i + 7. Suppose -3*c = -4*d + 6, 3*d - 5*c = 5*d - i. Let m(s) = 5*s + 3 + 5*s - 3*s - d*s. What is m(-2)?
-5
Let m be (3/(-6))/(2/4). Let t = m - -6. Let i(y) = -2*y + 2. Determine i(t).
-8
Let q(i) = i + 4. Let o be q(3). Let t(a) = -a + 7. What is t(o)?
0
Let m(w) = 3*w**3 - 3*w**2 - 3*w + 3. Let o(b) = 4*b**3 - 2*b**2 - 4*b + 3. Let y(v) = -5*m(v) + 4*o(v). Determine y(-7).
4
Let g(o) = 6*o - o**3 - 4*o**2 - 7 - 5*o + 5*o. Give g(-5).
-12
Let m(t) be the first derivative of -t**3/3 + 3*t**2/2 + 6*t + 6. What is m(5)?
-4
Let a(b) be the first derivative of b**2/2 + b - 3. Let p(q) = q**3 + q**2 + 5*q + 6. Let h(v) = -4*a(v) + p(v). Let s = -8 + 6. Determine h(s).
-4
Let v(m) = -2*m**2 - m + 0*m**3 - 3*m - 6*m**3 + 7*m**3. Let p(h) = h**3 + 2*h**2 - 3*h - 3. Let k be p(-2). What is v(k)?
-3
Let m(b) = -7*b - 4*b - 6*b - b**2 + 8*b - 3. Give m(-7).
11
Let g be (60/(-8))/((-6)/8). Let c(v) = 5*v - g - 2*v - 2*v - 1. What is c(5)?
-6
Let i(n) = -2*n**3 + 28*n**2 - 32*n**2 - 2*n + 3*n + 2. Let q(j) = -j**3 - 3*j**2 + j + 1. Let p(m) = -2*i(m) + 3*q(m). What is p(1)?
0
Let w(h) = 15*h**2 + h. Suppose 4*n - 1 - 3 = 0. What is w(n)?
16
Let f = -13 + 8. Let r(t) = -t**2 - 3*t + 7. Determine r(f).
-3
Let p(b) = 4*b - 18. Let t(j) = -3*j + 16. Let o(g) = 4*p(g) + 5*t(g). Let c(l) = -l**3 + 8*l**2 - 8*l + 1. Let r be c(7). What is o(r)?
2
Let h(y) = 2*y + 7*y + 6*y + 1 - y**2 - 11*y. What is h(5)?
-4
Suppose 2*k - 1 = k. Suppose -2*x + k = -1. Let f(w) = -3*w**2 - 2*w + 1. Give f(x).
-4
Let c(s) be the second derivative of s**4/12 + s**2/2 - 10*s. Calculate c(-2).
5
Let s(i) be the third derivative of -i**7/5040 - i**6/720 - i**5/6 + 6*i**2. Let u(g) be the third derivative of s(g). Determine u(-7).
6
Suppose 4*f = 3*c + 15, -1 = f + 5*c - c. Let m(k) = 2*k**2 - 3*k - 2. Calculate m(f).
7
Let b be (15/(-9))/(4/(-12)). Let n(h) = -h - 3. Calculate n(b).
-8
Let g(z) = -z**3 - 5*z**2 - 2*z - 2. Let h(r) be the first derivative of -r**3/3 + 15*r**2/2 - 16*r + 7. Let c be h(14). Determine g(c).
-10
Let d(i) be the second derivative of -i**3/3 - 2*i**2 + 6*i. Give d(-3).
2
Let l(a) = -17 + 2*a**2 + 2*a + 0*a + 14 - 5*a. Calculate l(3).
6
Suppose -7*q = -5*q. Let x(z) = z + 3. Calculate x(q).
3
Let h(d) = d - 2. Suppose 47 = 5*t + 2*j - 38, -2*t = 3*j - 23. Let i = 21 - t. Calculate h(i).
0
Let d(o) = 22*o - 5 + 3 - 1 - 20*o. Give d(2).
1
Let m(t) = -3*t - 4*t - 1 + 8*t. What is m(1)?
0
Let z(w) = 3*w**2 + w - 3. Suppose -3*g + 0*g = -6. Let i(t) = t**2 + t - 1. Let h(k) = g*i(k) - z(k). Determine h(2).
-1
Let h = 1 - -2. Let w(k) = -k**3 - 10*k**2 - 8*k + 12. Let s be w(-9). Let p(t) = t**h + 3*t + 2 + s + 6*t**2 - 2*t**2. Determine p(-4).
-7
Let i(t) = -t + 2. Let s be -2*((-2)/(-4) + -1). Suppose 3*z = -5*f + 34, s = 3*z - 2*f + 2. Calculate i(z).
-1
Let p(j) = j**2. Let l(o) = -3*o**2 + 6*o + 1. Let g(m) = -l(m) - 2*p(m). Let k = 1 + 1. Suppose 16 = 4*a - z - 6, 2*a - k*z = 8. What is g(a)?
-1
Let s(o) = o + 1. Let g(b) = -b - 8. Let t(f) = -g(f) - 3*s(f). Calculate t(8).
-11
Let b(n) be the second derivative of -n**3/6 + 5*n**2/2 - 4*n. Let d be -1 + 1 - (0 - 0). Determine b(d).
5
Let p(v) be the third derivative of -v**4/3 - v**2. Suppose -3*o = -0*i - 5*i - 17, -2*o - 5*i - 22 = 0. What is p(o)?
8
Let y(v) = -6*v - 7. Let d(h) = -5*h - 8. Let w(o) = -4*d(o) + 3*y(o). Give w(-8).
-5
Let r(j) = 4*j + 1. Let p be r(1). Suppose 5*t - 46 = 4*s - 10, -p*s = 3*t + 8. Let g(a) = -a**3 + 5*a**2 - 5*a + 2. What is g(t)?
-2
Let m(n) be the second derivative of -n**8/6720 - n**7/840 + n**6/240 + n**5/30 - n**4/2 - n. Let o(s) be the third derivative of m(s). What is o(-4)?
8
Let l(n) = -2*n. Let o be ((-1)/(-1))/(3/18). Suppose -3*h = 5*s - 6, 3*h + 0 = o. Suppose s = -k + w + 3, k + 2*w = 4*k - 5. Calculate l(k).
2
Suppose m - 1 = -q, q - 3*q - 4*m - 4 = 0. Suppose 0 = -3*t - 2*w - 3, t - 9 = q*w + 4. Let x(a) = a**3 - 2 - 3*a + a**2 + t + 5. What is x(-3)?
-5
Suppose 0 = 2*p + 3*p + 5. Suppose -b + 6*b - 1 = r, 4*b - 24 = -5*r. Let h = p + b. Let s(g) = g**2 + 2. What is s(h)?
2
Let b(q) be the second derivative of 2*q**3/3 + 2*q**2 - 15*q. Calculate b(-6).
-20
Let a(o) = 2*o + 2 - o**2 - 9 + 4*o**2 + 6. Calculate a(1).
4
Let u(c) be the first derivative of c**4/12 - c**3/3 - 3*c**2/2 - c + 2. Let b(h) be the first derivative of u(h). What is b(4)?
5
Let k be 10/8 + (-15)/(-20). Suppose 5*c - 11 - 8 = -2*x, 2*x + 2*c - 10 = 0. Let m(w) = -9*w**2 + 3*w**2 - k*w**x - w**2 + w. Give m(-1).
-10
Let z(a) = a**2 + 6*a + 3. Let d be z(-6). Suppose 5 = o + d. Let u(j) = -4 - j**2 + 0*j**2 + 3*j + 3. Determine u(o).
1
Let x be ((-4)/16 + 1/(-4))*12. Let k(a) = -a + a - 3 - a. What is k(x)?
3
Suppose 0*o + 2*o + 6 = 2*v, 0 = -2*o + 5*v - 6. Let q(a) = -a - 3. What is q(o)?
0
Let a(y) = y**3 + 1. Suppose u + 14*i = 9*i + 10, 0 = 2*u + 5*i - 10. What is a(u)?
1
Suppose 3*t - 2*t = 6. Let u(b) = 3*b + 3*b - b + 6. Let z(l) = l + 1. Let i(y) = t*z(y) - u(y). Give i(3).
3
Let c(m) be the third derivative of 0 - 1/60*m**5 + 2*m**2 + 0*m + 1/12*m**4 + 2/3*m**3. What is c(4)?
-4
Suppose -2*u + 4*v = u + 6, 5 = 4*u - v. Suppose 0 = -4*n - 3*t + 6, -2*t + 4 = u*n - 5*n. Let z(l) = l + 6. Determine z(n).
6
Suppose 4*i = -x - 1 - 7, -x = i - 1. Let r(w) = 4*w**3 - 3*w**3 + w + 4 - 3*w**2 - x*w. Determine r(3).
-5
Let y = -11 + 17. Let b = 4 - y. Let a(u) = 2*u**2 + 4*u + 2. What is a(b)?
2
Let d(m) = 5*m**2 - 3*m + 9. Let n(j) = -11*j**2 + 7*j - 19. Let v(r) = 13*d(r) + 6*n(r). Let i = -62 + 67. Calculate v(i).
-7
Let o(p) = -p**3 - 13*p**2 - 12*p. Let m be o(-12). Let u(w) be the second derivative of w - 7/20*w**5 + 0 + m*w**3 - 1/2*w**2 + 1/6*w**4. What is u(-1)?
8
Let i(r) = -r**2 + 5*r - 2. Let h be i(3). Suppose -3 + h = -v. Let p(t) = 2*t + t**2 + 0*t**2 + 1 - 5*t**3 + 0*t**2. Determine p(v).
5
Let p be -27*6/(-45) + (-2)/(-5). Let c(y) = 6*y - 6. What is c(p)?
18
Let k(a) = a**2 + 8*a + 7. Let t(z) = -2*z**2 + 5*z - 2. Let d be t(3). Calculate k(d).
-8
Suppose 0 = -4*t - 13 + 5. Let i be (1 + -1)/t + -6. Let l(m) = -2*m + 3*m**2 - 2*m**2 - 4 + 9*m - m. Give l(i).
-4
Let c be (-2)/(-7)*(-3 + 10). Let b(w) = 11*w**3 - w**3 - c*w**3. Give b(1).
8
Suppose -10*t = -14*t. Let s(z) = -z**2 - z. What is s(t)?
0
Let b(w) = -w**3 - 13*w**2 - w - 18. Let n be b(-13). Let v(y) = -y**2 - 4*y + 7. Calculate v(n).
2
Suppose -11 = -0*p + p. Let f(x) = 6*x - 3*x - 5*x - 16. Let q be f(p). Let w(j) =